702
What is the remainder when 102800 is divided by 49525?
3750
Calculate the remainder when 1984386 is divided by 992192.
2
Calculate the remainder when 29000 is divided by 257.
216
Calculate the remainder when 45647 is divided by 144.
143
What is the remainder when 45222 is divided by 181?
153
What is the remainder when 224600292 is divided by 1174?
4
What is the remainder when 182822 is divided by 90636?
1550
What is the remainder when 113041 is divided by 7386?
2251
Calculate the remainder when 521094 is divided by 24813.
21
What is the remainder when 1342998 is divided by 2292?
2178
Calculate the remainder when 1819338 is divided by 4301.
15
What is the remainder when 178558348 is divided by 16?
12
What is the remainder when 2363003 is divided by 63?
62
What is the remainder when 749523 is divided by 448?
19
Calculate the remainder when 416751 is divided by 4379.
746
What is the remainder when 724228 is divided by 244?
36
What is the remainder when 1357705 is divided by 218?
1
What is the remainder when 126255 is divided by 1970?
175
Calculate the remainder when 7486054 is divided by 7268.
14
What is the remainder when 3770522 is divided by 310?
302
What is the remainder when 13111317 is divided by 3277787?
169
Calculate the remainder when 666562298 is divided by 39.
38
Calculate the remainder when 36268716 is divided by 14.
8
Calculate the remainder when 61140 is divided by 5827.
2870
Calculate the remainder when 365580875 is divided by 56.
51
What is the remainder when 19707734 is divided by 152?
22
Calculate the remainder when 14419404 is divided by 277296.
12
Calculate the remainder when 3983227 is divided by 3528.
115
What is the remainder when 10405728 is divided by 92?
68
What is the remainder when 1488240 is divided by 33739?
3724
What is the remainder when 314864 is divided by 78439?
1108
Calculate the remainder when 5396694 is divided by 22486.
54
What is the remainder when 13042 is divided by 4209?
415
What is the remainder when 6899721 is divided by 1083?
1011
Calculate the remainder when 489926 is divided by 569.
17
Calculate the remainder when 243191 is divided by 26967.
488
What is the remainder when 124953 is divided by 8314?
243
Calculate the remainder when 64147 is divided by 1558.
269
What is the remainder when 445062 is divided by 927?
102
What is the remainder when 40156 is divided by 2855?
186
What is the remainder when 48773 is divided by 12066?
509
Calculate the remainder when 10941370 is divided by 2859.
2836
Calculate the remainder when 231311 is divided by 2544.
2351
Calculate the remainder when 72565100 is divided by 5902.
10
Calculate the remainder when 33972866 is divided by 276202.
20
What is the remainder when 2189552 is divided by 2680?
2672
What is the remainder when 830627 is divided by 14?
7
Calculate the remainder when 159367 is divided by 9954.
103
Calculate the remainder when 76584 is divided by 9514.
472
What is the remainder when 649155 is divided by 5587?
1063
Calculate the remainder when 15765718 is divided by 727.
723
What is the remainder when 221449149 is divided by 645?
9
What is the remainder when 54991 is divided by 8646?
3115
Calculate the remainder when 6126723 is divided by 235629.
369
Calculate the remainder when 9572407 is divided by 5530.
5507
What is the remainder when 31696078 is divided by 15?
13
What is the remainder when 6525994 is divided by 685?
684
Calculate the remainder when 74802814 is divided by 37401396.
22
What is the remainder when 185007 is divided by 48?
15
Calculate the remainder when 152594573 is divided by 603.
599
Calculate the remainder when 66345755 is divided by 2802.
2801
Calculate the remainder when 752836 is divided by 2221.
2138
Calculate the remainder when 9979828 is divided by 71.
68
What is the remainder when 279250 is divided by 10?
0
What is the remainder when 178661607 is divided by 18?
15
Calculate the remainder when 127392247 is divided by 25.
22
What is the remainder when 1143393 is divided by 2722?
153
What is the remainder when 260066 is divided by 35?
16
Calculate the remainder when 1958867 is divided by 480.
467
Calculate the remainder when 29959161 is divided by 2644.
2641
What is the remainder when 207478 is divided by 1570?
238
What is the remainder when 15046 is divided by 2418?
538
Calculate the remainder when 199926459 is divided by 11.
7
What is the remainder when 5312854 is divided by 171381?
43
What is the remainder when 122669179 is divided by 32?
27
Calculate the remainder when 5017388 is divided by 2508684.
20
Calculate the remainder when 1439053 is divided by 498.
331
Calculate the remainder when 75482 is divided by 577.
472
What is the remainder when 904213 is divided by 1207?
170
Calculate the remainder when 5028741 is divided by 81.
18
What is the remainder when 454706 is divided by 22?
10
What is the remainder when 40645 is divided by 2093?
878
Calculate the remainder when 8159524 is divided by 815947.
54
What is the remainder when 1596248 is divided by 438?
176
Calculate the remainder when 117006172 is divided by 55.
52
Calculate the remainder when 966835 is divided by 331.
315
What is the remainder when 1484436 is divided by 742209?
18
What is the remainder when 82362 is divided by 2745?
12
What is the remainder when 88622 is divided by 698?
674
What is the remainder when 17068416 is divided by 6218?
6
Calculate the remainder when 43570 is divided by 20436.
2698
Calculate the remainder when 260695 is divided by 64640.
2135
What is the remainder when 52347790 is divided by 143?
66
Calculate the remainder when 2513821 is divided by 1256888.
45
What is the remainder when 151834 is divided by 2024?
34
Calculate the remainder when 4777161 is divided by 31.
30
What is the remainder when 52770141 is divided by 8795014?
57
What is the remainder when 248524349 is divided by 497?
493
Calculate the remainder when 121779 is divided by 1947.
1065
Calculate the remainder when 121268 is divided by 394.
310
What is the remainder when 270928 is divided by 1949?
17
What is the remainder when 1159424 is divided by 2768?
2400
What is the remainder when 551112 is divided by 9841?
16
What is the remainder when 463935 is divided by 27?
21
Calculate the remainder when 71532 is divided by 10156.
440
What is the remainder when 7158502 is divided by 11?
10
Calculate the remainder when 310094 is divided by 3274.
2338
What is the remainder when 146656431 is divided by 119?
117
Calculate the remainder when 107199 is divided by 92.
19
Calculate the remainder when 51953901 is divided by 307.
291
Calculate the remainder when 28657 is divided by 1962.
1189
Calculate the remainder when 5660024 is divided by 883.
877
Calculate the remainder when 4537680 is divided by 1512554.
18
Calculate the remainder when 2594517 is divided by 9645.
12
What is the remainder when 1554959 is divided by 341?
340
Calculate the remainder when 69865777 is divided by 3205.
3187
Calculate the remainder when 30571 is divided by 1274.
1269
What is the remainder when 1995877 is divided by 11148?
385
What is the remainder when 79080 is divided by 838?
308
What is the remainder when 3148774 is divided by 5?
4
What is the remainder when 1598296 is divided by 4343?
72
Calculate the remainder when 502918 is divided by 62825.
318
What is the remainder when 62928615 is divided by 14276?
7
Calculate the remainder when 463676 is divided by 840.
836
What is the remainder when 6354 is divided by 6317?
37
Calculate the remainder when 1726913 is divided by 887.
811
Calculate the remainder when 337812 is divided by 67503.
297
Calculate the remainder when 618838 is divided by 28129.
0
Calculate the remainder when 77388652 is divided by 3449.
3439
Calculate the remainder when 363599525 is divided by 2648.
2645
Calculate the remainder when 185956469 is divided by 37191288.
29
What is the remainder when 4104302 is divided by 471?
8
What is the remainder when 304035729 is divided by 2124?
2121
Calculate the remainder when 4264750 is divided by 29.
10
What is the remainder when 5150030 is divided by 25622?
8
What is the remainder when 17342016 is divided by 47125?
16
Calculate the remainder when 252451 is divided by 252395.
56
Calculate the remainder when 76158 is divided by 645.
48
Calculate the rema